t**2 + t. Determine q(l).
6
Let a be (-1 + (-1)/(-2))*-6 - -2. Let o(g) = -g**2 + g - 1. Let w(k) = 5*k**2 - 10*k + 7. Let m(n) = -4*o(n) - w(n). Give m(a).
2
Let j be (-1 - 5)*-1 - (-8 + 12). Let s(n) = -n**3 - 3*n**2 - n - 1. Let h be s(-3). Let a(x) = -2*x**h + 2*x - 3*x + 3*x**j - 3*x**2. Calculate a(-1).
-1
Let w(f) = -f - 14 - 14 - 18 + 47 + 4*f**2 + 6*f**2. Let d be ((-7)/(-3) + -2)*9. Let m = -2 + d. What is w(m)?
10
Let u(x) = x + 2. Let m(h) = -2*h - 3. Let w(c) = -3*m(c) - 7*u(c). Suppose 1026 = -114*z - 0. What is w(z)?
4
Let t(i) be the third derivative of 11/24*i**4 - 1/120*i**5 - 3*i**2 + 1/3*i**3 + 0*i + 0. Let f(d) be the first derivative of t(d). Give f(5).
6
Let n(u) = u**3 + 12*u**2 - 14*u + 11. Suppose 4*c + 138 = 86. Give n(c).
24
Let m(o) = -o**3 + 11*o**2 - 13*o + 23. Let n be (-12)/2*(16/12 - 3). Calculate m(n).
-7
Let p = -14 + 16. Suppose -3*f + 2*w + 15 = 0, 5*f + 3*w = -p*w. Let a(z) = 1 + 7*z**2 + 8*z + 0*z**f - 2*z**3 + z**3. Calculate a(8).
1
Suppose 5*b - 29 = -w, 4*w = 5*b - 7*b + 8. Let a(u) = -u + 5. Give a(b).
-1
Let s = 126 + -117. Let w(m) = -93*m - m**3 + 31*m + 30*m + 42*m - 5 + s*m**2. Calculate w(10).
-5
Let f = -9 + 12. Suppose -f*z - z = 2*h + 10, 5*h + 5*z = -5. Suppose 5*a - 5 = -0*a + 4*n, -h*a + 5 = -2*n. Let k(q) = q**2 - 3*q - 5. Determine k(a).
5
Let x(f) be the second derivative of 5*f**3/6 + 82*f - 2. Give x(-5).
-25
Let v(i) = i - 3. Let k(o) be the first derivative of 2*o**2 - 17*o + 21. Let j be k(6). Determine v(j).
4
Let d(n) be the third derivative of 0*n + 5/24*n**4 + 1/6*n**3 + 0 + 29*n**2. Calculate d(-1).
-4
Let j(b) = b**2 + 10*b - 7. Let t = 145 + -50. Let q = t - 106. Determine j(q).
4
Let g(t) = 1 + 3087*t**2 - 8*t**3 - 3087*t**2. What is g(1)?
-7
Suppose -2*z - 29 = -41. Let j be z/(-45) + (-214)/(-30). Let p(k) be the third derivative of k**5/60 - 7*k**4/24 + k**3 - k**2. Give p(j).
6
Let v be (-2 - (2 - 2)) + 240/12 + -19. Let z(n) = -12*n**2 + n + 1. Let i(b) = -13*b**2 + b + 1. Let y(m) = -6*i(m) + 5*z(m). Calculate y(v).
18
Suppose -4*p = -20, 6*p - 3*p = 5*f + 105. Let a(c) = c**2 + 19*c + 20. Let k be a(f). Let g(i) = -2*i**3 + i**2 + 2*i. Give g(k).
-8
Let s(f) = 4*f**3 - 2*f**2 + f - 4. Let h(y) = y**3 - y**2 - 1. Let d(b) = 5*h(b) - s(b). Let i be ((-6)/4)/((-3)/2 - -1). What is d(i)?
-4
Let k(q) = 25*q + 3. Let b(d) = 29*d + 4. Let w(z) = -4*b(z) + 5*k(z). What is w(-1)?
-10
Let x(q) = -15 + 3*q**2 - 4*q - 4*q**2 + 17*q. Let g be x(12). Let o(a) = -a**2 + 7*a**2 + 4 + a**3 + a - 2*a**2 - 1. Calculate o(g).
9
Let x(l) = 6*l - 1. Suppose -2*y + 6 = -64. Let a = y - 36. What is x(a)?
-7
Let a(x) = 16*x**2 - 10*x + 8. Let o(f) = -8*f**2 + 6*f - 5. Let g(v) = 3*a(v) + 5*o(v). Give g(1).
7
Let f(w) be the first derivative of -1/3*w**3 + 15 - 3*w**2 + 6*w. Determine f(-7).
-1
Let y(h) be the first derivative of 2*h**2 - 4*h + 62. Give y(-4).
-20
Let u(r) = 1627 + r**2 + 5*r - 1627. What is u(-6)?
6
Let b = 1092 + -1087. Let s(w) = w**3 - 5*w**2 - 5*w - 6. Give s(b).
-31
Suppose -18 = 2*q + 4*h, -2*h = -h + 3. Let y(l) = 2*l**3 + 2*l**2 - 3*l - 3. What is y(q)?
-30
Suppose 0 = -k + 2*k + 3. Let u(v) = -v**2 - 4*v + 2. Let j be u(k). Let i be 45/(-18)*6/j. Let y(x) = -4*x. Give y(i).
12
Let w = 9 - 4. Let s(j) = -4*j**3 - 8*j**2 + 8*j - 1. Let y(o) = -o**3 - 4*o**2 + o + 1. Let v(t) = s(t) - 3*y(t). Calculate v(w).
-4
Suppose 5 = -f - 1. Let v(u) = -9*u**2. Let z(q) = 11*q**2 - q + 1. Let i(b) = -5*v(b) - 4*z(b). Determine i(f).
8
Let t = 27 - 23. Let o(u) = -3*u - 6*u + t*u - 2 - u**2 + 0*u**2. Determine o(-5).
-2
Suppose 2*l = l + 3. Suppose 4 = -l*s + 1. Let a(t) = -4*t. Let b be a(s). Let o(d) = -4*d + 4. What is o(b)?
-12
Let s(v) = 0*v**2 - 10 + 803*v**3 - v**2 - 1 - 804*v**3. Let t = 14 + -10. Suppose 4*j = 12, t*z - j = 1 - 4. Calculate s(z).
-11
Let q(r) be the first derivative of r**2 + 10*r - 165. What is q(-5)?
0
Let b(f) = -3*f + 4. Suppose -128 = 20*h - 8. Calculate b(h).
22
Let s(c) be the first derivative of -c**3/3 + 5*c**2/2 + 2*c + 211. Determine s(4).
6
Let i be (-15)/120 + (-3777)/(-8). Let c(w) = -i*w + 475*w + 0*w**2 - 3 - 2*w**2. Determine c(2).
-5
Let j(g) = 3*g + 12*g + 1 - 8*g. Calculate j(-1).
-6
Let n = 210 + -203. Let q(i) = -i**3 + 6*i**2 + 7*i. What is q(n)?
0
Let y(f) = f**2 + 2*f - 1. Let b(g) = g**2 - 3*g - 4. Suppose 4*r = 3*r + 3. Let k be b(r). Calculate y(k).
7
Let i(a) = -4*a - 3. Let j(p) = -p. Let m(z) = -i(z) + 3*j(z). Suppose -3*b + 13 + 2 = 0. Let g be b/(-5) - (-2 - -5). Determine m(g).
-1
Let h(j) = j**3 + 19*j**2 + 13*j - 5. Let r(t) = t**2 + 2. Let x(s) = -h(s) + 4*r(s). Determine x(-14).
-1
Let t(c) be the third derivative of -c**5/60 - c**4/3 + 3*c**3/2 - 2*c**2 - 105. What is t(-8)?
9
Suppose -10*v + 17*v + 35 = 0. Let t(l) = l**3 - 4*l**2. Let w(o) = -2*o**3 + 9*o**2 + 2. Let i(f) = v*t(f) - 3*w(f). Determine i(7).
-6
Let b(s) = s**2 + s + 4. Let c be ((-2)/(-4))/(1/(-26)*1). Let a = c + 13. What is b(a)?
4
Let z(k) = -k**3 + 2*k**3 + 2*k + 0 - 6*k**2 + 4. Suppose 12*n - 2405 + 917 = 0. Let b = n + -119. Give z(b).
-11
Let n be (-1)/2 + (-1)/(-2). Let x(y) = -y + 800*y**2 - 4 - 1 - 799*y**2 - 8. Give x(n).
-13
Let z(i) be the first derivative of -i**4/4 + 2*i**3 - 5*i**2/2 + 5*i + 2. Suppose 0 = 3*u + 3*b - 12, -7*b + 2*b + 5 = 2*u. What is z(u)?
5
Let m(o) = -o**3 - 7*o**2 - 6*o - 4. Let d be (-94 - -2)*4/(-8). Suppose 7*g = -d + 4. Give m(g).
-4
Let m(q) be the first derivative of -1/3*q**3 + 6*q + 49 - q**2. Calculate m(-4).
-2
Let a(g) be the third derivative of g**4/24 + 11*g**3/6 - 16*g**2. Let s(d) = 3*d - 27. Let i be s(7). What is a(i)?
5
Let g(j) be the second derivative of j**4/6 - 2*j**3/3 + j. Suppose 0*v - 38 = -5*n - 2*v, n = -5*v + 26. Let k be (-1)/(2 - 14/n). What is g(k)?
6
Let a(s) = 9*s - 3. Let z(n) = -4*n + 1. Let u(f) = 3*a(f) + 7*z(f). Let k(w) = 10*w**2 + 34*w + 7. Let t be k(-3). Give u(t).
3
Let m(j) = -4*j**2 + j - 1 - j**3 - 6*j**2 + 4*j**2. Let r(l) = -2*l**3 + 9*l**2 - 9*l + 14. Let q be r(4). What is m(q)?
-7
Suppose -10 = -4*s - 3*z, s - 8*z - 8 = -6*z. Let g(b) = b**3 - 3*b**2 - 3*b + 5. Determine g(s).
9
Let b(k) be the second derivative of 1/6*k**3 - 1/6*k**4 - 2*k + 0 - 1/2*k**2. Let y = 133 + -130. Calculate b(y).
-16
Suppose 4*h + 3*c + 20 = 0, 9 = 2*h + 4*c + 19. Let r(j) = 4*j + 7. Determine r(h).
-13
Let g(a) = -a - 18. Let c be 3/(-5) + 141/(-15). Calculate g(c).
-8
Let c(q) = 8*q**2 - 4*q + 1. Let z(m) = -m. Let o(i) = -c(i) + 3*z(i). What is o(1)?
-8
Let m(a) = -3*a - 6. Let j be (-88)/((-16)/4) + -1. Let f = j + -21. Suppose f*l + 3*l + 15 = 0. Determine m(l).
9
Let b(i) be the third derivative of -i**8/6720 + i**7/420 - i**6/720 + i**5/15 + 15*i**4/8 - 45*i**2. Let m(j) be the second derivative of b(j). Give m(6).
2
Let t = 2 + -6. Let p = t - -3. Let w(h) = 2*h**2 - 3*h. Let d(x) = -x. Let r(a) = p*w(a) + 2*d(a). Determine r(-2).
-10
Let w be 3*((-126)/(-2) + 0). Suppose -w*g + 191*g - 14 = 0. Let v(h) = h**2 - 8*h + 8. Give v(g).
1
Suppose 7*r + 14*r = -84. Let j(v) be the first derivative of v**3/3 + 5*v**2/2 + 2*v + 3. Determine j(r).
-2
Let a(y) = -y**3 + 7*y**2 - 7*y + 1. Suppose 3*r - 5*r = 46. Let m = r - -29. Give a(m).
-5
Suppose 0*y - 4*j = -5*y - 12, -j - 6 = y. Let a(p) = -3*p - 6. Calculate a(y).
6
Let m(a) be the third derivative of 0 + 8*a**2 + 7/24*a**4 - 1/60*a**5 - 4/3*a**3 + 0*a. Give m(7).
-8
Let y(p) = p**2 + 4*p + 2. Let x be y(-4). Let j(m) be the first derivative of m**4/4 - m**3 + m**2/2 + 2*m + 51. Give j(x).
0
Suppose 0 = 9*r + 3*r - 72. Let p(q) = -q**3 + 7*q**2 - 5*q - 10. Give p(r).
-4
Let z(c) = -18 - 2*c + c**2 - 3*c**2 + 13. Let k(w) = -2*w**2 - w - 1. Let v(s) = 4*k(s) - z(s). What is v(1)?
-7
Suppose 5*z - z + 2 = -5*c, -1 = z + c. Let x be (-4)/(-10) - 46/(-10). Let p(v) = -v - 3*v + 3*v - x. Determine p(z).
-2
Suppose 7*t = 2*t - 5. Let j(r) = -r - 4. Let u(s) = s + 4. Let a(k) = -5*j(k) - 6*u(k). Let f(q) = 2*q + 3. Let i(b) = -3*a(b) - 4*f(b). Determine i(t).
5
Let q(k) = k + 7. Suppose 2*n - x - 1 = 3*n, 0 = -x + 4. Let p be 2/4*0/(4 + n). Give q(p).
7
Let f(r) = -r**3 - 3*r**2 + 3*r - 2. Let x be f(-4). Let d(v) = -x*v - 25 + 26 + v. Determine d(-4).
5
Let n(a) = -5*a**2 + 2*a - 8. Let f(c) = -4*c**2 + 3*c - 2. Let l(o) = -5*o**